 is the hundred millions digit of 261577227?
2
What is the tens digit of 358480008?
0
What is the hundred millions digit of 917762949?
9
What is the units digit of 2916971118?
8
What is the ten millions digit of 75815860?
7
What is the ten thousands digit of 19773331?
7
What is the hundred thousands digit of 264748577?
7
What is the thousands digit of 66218800?
8
What is the hundreds digit of 182626668?
6
What is the billions digit of 1012937749?
1
What is the hundred thousands digit of 1348115950?
1
What is the millions digit of 21813469?
1
What is the ten millions digit of 1362657514?
6
What is the ten millions digit of 98264825?
9
What is the ten thousands digit of 35655158?
5
What is the millions digit of 63100133?
3
What is the thousands digit of 880803209?
3
What is the tens digit of 144090075?
7
What is the thousands digit of 708288886?
8
What is the billions digit of 3986931830?
3
What is the hundreds digit of 203497518?
5
What is the tens digit of 2417043791?
9
What is the ten millions digit of 28221220?
2
What is the ten thousands digit of 31075510?
7
What is the millions digit of 71321464?
1
What is the billions digit of 4364577803?
4
What is the hundred thousands digit of 62551274?
5
What is the ten thousands digit of 983762958?
6
What is the units digit of 7349635860?
0
What is the hundred thousands digit of 324222618?
2
What is the ten millions digit of 1103067929?
0
What is the hundred millions digit of 260962787?
2
What is the millions digit of 54157208?
4
What is the hundred millions digit of 1800860126?
8
What is the thousands digit of 68670097?
0
What is the hundreds digit of 109784737?
7
What is the hundreds digit of 668069981?
9
What is the hundred millions digit of 2679149132?
6
What is the tens digit of 282124055?
5
What is the units digit of 2034218317?
7
What is the hundred thousands digit of 58116776?
1
What is the millions digit of 81499604?
1
What is the thousands digit of 187156504?
6
What is the tens digit of 640521012?
1
What is the units digit of 2311224?
4
What is the millions digit of 34297036?
4
What is the ten thousands digit of 632850240?
5
What is the units digit of 9506454?
4
What is the units digit of 819538481?
1
What is the hundred thousands digit of 683683449?
6
What is the thousands digit of 263285734?
5
What is the hundred millions digit of 3473291726?
4
What is the millions digit of 232774691?
2
What is the ten millions digit of 126066934?
2
What is the millions digit of 93273619?
3
What is the hundred millions digit of 286915303?
2
What is the thousands digit of 4232141?
2
What is the millions digit of 6193959532?
3
What is the thousands digit of 7109034203?
4
What is the thousands digit of 4183712?
3
What is the units digit of 25047501?
1
What is the hundreds digit of 168107479?
4
What is the units digit of 6639487262?
2
What is the ten thousands digit of 260990824?
9
What is the billions digit of 1976749784?
1
What is the thousands digit of 146424626?
4
What is the millions digit of 130710068?
0
What is the hundreds digit of 469160320?
3
What is the thousands digit of 154954398?
4
What is the thousands digit of 8110944?
0
What is the ten millions digit of 32599882?
3
What is the tens digit of 177381132?
3
What is the ten millions digit of 68756602?
6
What is the hundreds digit of 355150590?
5
What is the tens digit of 2050321?
2
What is the units digit of 27704345?
5
What is the hundred thousands digit of 14268715?
2
What is the hundred millions digit of 1136940785?
1
What is the units digit of 398665927?
7
What is the ten millions digit of 4911100587?
1
What is the units digit of 27597513?
3
What is the hundred millions digit of 263388480?
2
What is the hundreds digit of 1235724492?
4
What is the ten millions digit of 94948235?
9
What is the tens digit of 119676529?
2
What is the ten thousands digit of 32075804?
7
What is the hundreds digit of 956662889?
8
What is the hundred thousands digit of 107783677?
7
What is the tens digit of 3536277253?
5
What is the hundred thousands digit of 2040753665?
7
What is the units digit of 323473911?
1
What is the millions digit of 671456565?
1
What is the hundred thousands digit of 48400855?
4
What is the tens digit of 1199408516?
1
What is the millions digit of 458318319?
8
What is the thousands digit of 435469918?
9
What is the thousands digit of 663574710?
4
What is the millions digit of 4979433493?
9
What is the ten thousands digit of 730613837?
1
What is the thousands digit of 1009381439?
1
What is the millions digit of 3438814942?
8
What is the tens digit of 203346475?
7
What is the hundred thousands digit of 129081357?
0
What is the millions digit of 90565244?
0
What is the units digit of 53212560?
0
What is the billions digit of 3554171702?
3
What is the hundreds digit of 4083322879?
8
What is the units digit of 1782017600?
0
What is the thousands digit of 784639367?
9
What is the hundreds digit of 4379593797?
7
What is the tens digit of 1273725552?
5
What is the hundred thousands digit of 979304620?
3
What is the ten millions digit of 312601772?
1
What is the ten millions digit of 268976311?
6
What is the ten thousands digit of 611443893?
4
What is the hundreds digit of 111483237?
2
What is the tens digit of 1112434108?
0
What is the hundred thousands digit of 94113004?
1
What is the thousands digit of 31175678?
5
What is the millions digit of 2722645617?
2
What is the thousands digit of 2141371075?
1
What is the units digit of 161430010?
0
What is the hundred thousands digit of 61130715?
1
What is the ten millions digit of 42962428?
4
What is the hundred thousands digit of 73681432?
6
What is the billions digit of 4315225605?
4
What is the tens digit of 39709734?
3
What is the ten thousands digit of 500936296?
3
What is the thousands digit of 86983155?
3
What is the thousands digit of 6583992001?
2
What is the tens digit of 888779802?
0
What is the units digit of 48788329?
9
What is the tens digit of 134931081?
8
What is the tens digit of 94823317?
1
What is the millions digit of 4560988408?
0
What is the hundreds digit of 10800102?
1
What is the tens digit of 55637807?
0
What is the ten thousands digit of 308530585?
3
What is the tens digit of 2493885769?
6
What is the ten thousands digit of 402864316?
6
What is the millions digit of 146805104?
6
What is the millions digit of 197702497?
7
What is the ten millions digit of 32844022?
3
What is the units digit of 43717503?
3
What is the ten millions digit of 40163812?
4
What is the hundred millions digit of 1531279194?
5
What is the billions digit of 1988213835?
1
What is the billions digit of 2136114293?
2
What is the tens digit of 106257568?
6
What is the tens digit of 101406273?
7
What is the ten thousands digit of 436082047?
8
What is the hundred millions digit of 2478066463?
4
What is the ten millions digit of 3672214656?
7
What is the thousands digit of 209509433?
9
What is the thousands digit of 26806424?
6
What is the hundred thousands digit of 2589804573?
8
What is the tens digit of 1739783451?
5
What is the ten thousands digit of 668707200?
0
What is the tens digit of 48673444?
4
What is the tens digit of 381632936?
3
What is the ten millions digit of 6411900769?
1
What is the hundreds digit of 54627088?
0
What is the hundred millions digit of 1504930708?
5
What is the tens digit of 222204207?
0
What is the thousands digit of 253173615?
3
What is the thousands digit of 1076661794?
1
What is the hundred thousands digit of 30235206?
2
What is the tens digit of 26444158?
5
What is the units digit of 2220794912?
2
What is the hundreds digit of 10797138?
1
What is the hundred thousands digit of 237293857?
2
What is the ten millions digit of 556478194?
5
What is the tens digit of 1227297611?
1
What is the hundred thousands digit of 128937074?
9
What is the hundred millions digit of 723569397?
7
What is the millions digit of 102540340?
2
What is the tens digit of 1039809512?
1
What is the thousands digit of 623009123?
9
What is the ten millions digit of 70711583?
7
What is the tens digit of 56981582?
8
What is the thousands digit of 1578937112?
7
What is the hundreds digit of 62012086?
0
What is the millions digit of 1107603114?
7
What is the millions digit of 94430801?
4
What is the thousand